{"id":20,"date":"2021-02-03T14:41:56","date_gmt":"2021-02-03T13:41:56","guid":{"rendered":"http:\/\/master-patrimoine-culturel.fr\/campus-orleans-patrimoine\/?page_id=20"},"modified":"2021-04-20T10:23:21","modified_gmt":"2021-04-20T08:23:21","slug":"la-carte-interactive","status":"publish","type":"page","link":"http:\/\/master-patrimoine-culturel.fr\/campus-orleans-patrimoine\/index.php\/la-carte-interactive\/","title":{"rendered":"La Carte interactive"},"content":{"rendered":"\n<p class=\"has-text-align-center\">Voici le parcours que vous proposent les \u00e9tudiants du Master GLPC. Cette carte interactive vous permet de visiter l\u2019Universit\u00e9 d\u2019Orl\u00e9ans par son patrimoine culturel. <\/p>\n\n\n\n<p class=\"has-text-align-center\">Chaque point repr\u00e9sente un b\u00e2timent ou une \u0153uvre du 1% embl\u00e9matique du campus. Il vous suffit d\u2019un clique sur le marqueur pour en d\u00e9couvrir plus\u2026<\/p>\n\n\n\n<p><\/p>\n\n\n\n<p class=\"has-text-align-center\"><strong>Bonne visite !<\/strong><\/p>\n\n\n<div id=\"travelersmap-container-69eafe8db5a29\" class=\"travelersmap-container\" style=\"z-index: 1; min-height: 10px; min-width:10px; height:600px;width:100%; max-width:; max-height:; \"><div style=\"position:absolute; z-index:-1;top: 50%;text-align: center;display: block;left: 50%;transform: translate(-50%,-50%);\">Travelers' Map is loading... <br> If you see this after your page is loaded completely, leafletJS files are missing.<\/div><\/div>\n\n\n\n<div style=\"height:57px\" aria-hidden=\"true\" class=\"wp-block-spacer\"><\/div>\n\n\n\n<figure class=\"wp-block-table aligncenter\"><table><tbody><tr><td class=\"has-text-align-center\" data-align=\"center\"><img loading=\"lazy\" src=\"http:\/\/master-patrimoine-culturel.fr\/campus-orleans-patrimoine\/wp-content\/uploads\/2021\/02\/cttm_markers-red.png\" alt=\"\" width=\"40\" height=\"55\">   <em><strong>\u0153uvres<\/strong> <strong>du 1% artistique<\/strong><\/em><\/td><td><img loading=\"lazy\" src=\"http:\/\/master-patrimoine-culturel.fr\/campus-orleans-patrimoine\/wp-content\/uploads\/2021\/02\/cttm_markers-orange.png\" alt=\"\" width=\"40\" height=\"56\">   <strong><em>\u0153uvres architecturales<\/em><\/strong><\/td><\/tr><\/tbody><\/table><\/figure>\n\n\n\n<p class=\"has-text-align-center\"><strong>Voici la liste des b\u00e2timents et des \u0153uvres \u00e0 d\u00e9couvrir<\/strong> : <\/p>\n\n\n<ul class=\"wp-block-latest-posts__list is-grid columns-3 has-author wp-block-latest-posts\"><li><div class=\"wp-block-latest-posts__featured-image alignleft\"><a href=\"http:\/\/master-patrimoine-culturel.fr\/campus-orleans-patrimoine\/index.php\/2021\/02\/16\/le-batiment-forum\/\"><img width=\"150\" height=\"150\" src=\"http:\/\/master-patrimoine-culturel.fr\/campus-orleans-patrimoine\/wp-content\/uploads\/2021\/02\/DSC_7153-150x150.jpg\" class=\"attachment-thumbnail size-thumbnail wp-post-image\" alt=\"\" loading=\"lazy\" style=\"max-width:150px;max-height:150px;\" srcset=\"http:\/\/master-patrimoine-culturel.fr\/campus-orleans-patrimoine\/wp-content\/uploads\/2021\/02\/DSC_7153-150x150.jpg 150w, http:\/\/master-patrimoine-culturel.fr\/campus-orleans-patrimoine\/wp-content\/uploads\/2021\/02\/DSC_7153-640x640.jpg 640w, http:\/\/master-patrimoine-culturel.fr\/campus-orleans-patrimoine\/wp-content\/uploads\/2021\/02\/DSC_7153-180x180.jpg 180w\" sizes=\"(max-width: 150px) 100vw, 150px\" \/><\/a><\/div><a href=\"http:\/\/master-patrimoine-culturel.fr\/campus-orleans-patrimoine\/index.php\/2021\/02\/16\/le-batiment-forum\/\">Biblioth\u00e8que de Lettres, Langues, Sciences Humaines<\/a><div class=\"wp-block-latest-posts__post-author\">par Silvia DANA<\/div><\/li>\n<li><div class=\"wp-block-latest-posts__featured-image alignleft\"><a href=\"http:\/\/master-patrimoine-culturel.fr\/campus-orleans-patrimoine\/index.php\/2021\/02\/25\/hommage-a-lavoiser\/\"><img width=\"150\" height=\"150\" src=\"http:\/\/master-patrimoine-culturel.fr\/campus-orleans-patrimoine\/wp-content\/uploads\/2021\/04\/20201020_164337-5-1536x2048-1-150x150.jpeg\" class=\"attachment-thumbnail size-thumbnail wp-post-image\" alt=\"\" loading=\"lazy\" style=\"max-width:150px;max-height:150px;\" srcset=\"http:\/\/master-patrimoine-culturel.fr\/campus-orleans-patrimoine\/wp-content\/uploads\/2021\/04\/20201020_164337-5-1536x2048-1-150x150.jpeg 150w, http:\/\/master-patrimoine-culturel.fr\/campus-orleans-patrimoine\/wp-content\/uploads\/2021\/04\/20201020_164337-5-1536x2048-1-640x640.jpeg 640w, http:\/\/master-patrimoine-culturel.fr\/campus-orleans-patrimoine\/wp-content\/uploads\/2021\/04\/20201020_164337-5-1536x2048-1-180x180.jpeg 180w\" sizes=\"(max-width: 150px) 100vw, 150px\" \/><\/a><\/div><a href=\"http:\/\/master-patrimoine-culturel.fr\/campus-orleans-patrimoine\/index.php\/2021\/02\/25\/hommage-a-lavoiser\/\">Hommage \u00e0 Lavoiser<\/a><div class=\"wp-block-latest-posts__post-author\">par Benjamin THURIOT<\/div><\/li>\n<li><div class=\"wp-block-latest-posts__featured-image alignleft\"><a href=\"http:\/\/master-patrimoine-culturel.fr\/campus-orleans-patrimoine\/index.php\/2021\/02\/25\/la-chambre-damour\/\"><img width=\"150\" height=\"150\" src=\"http:\/\/master-patrimoine-culturel.fr\/campus-orleans-patrimoine\/wp-content\/uploads\/2021\/02\/79C61198-0978-400B-9023-71E442F731B7_1_105_c-150x150.jpeg\" class=\"attachment-thumbnail size-thumbnail wp-post-image\" alt=\"\" loading=\"lazy\" style=\"max-width:150px;max-height:150px;\" srcset=\"http:\/\/master-patrimoine-culturel.fr\/campus-orleans-patrimoine\/wp-content\/uploads\/2021\/02\/79C61198-0978-400B-9023-71E442F731B7_1_105_c-150x150.jpeg 150w, http:\/\/master-patrimoine-culturel.fr\/campus-orleans-patrimoine\/wp-content\/uploads\/2021\/02\/79C61198-0978-400B-9023-71E442F731B7_1_105_c-640x640.jpeg 640w, http:\/\/master-patrimoine-culturel.fr\/campus-orleans-patrimoine\/wp-content\/uploads\/2021\/02\/79C61198-0978-400B-9023-71E442F731B7_1_105_c-180x180.jpeg 180w\" sizes=\"(max-width: 150px) 100vw, 150px\" \/><\/a><\/div><a href=\"http:\/\/master-patrimoine-culturel.fr\/campus-orleans-patrimoine\/index.php\/2021\/02\/25\/la-chambre-damour\/\">La Chambre d&rsquo;Amour<\/a><div class=\"wp-block-latest-posts__post-author\">par Elo\u00efse PUYGRENIER<\/div><\/li>\n<li><div class=\"wp-block-latest-posts__featured-image alignleft\"><a href=\"http:\/\/master-patrimoine-culturel.fr\/campus-orleans-patrimoine\/index.php\/2021\/02\/05\/la-maison-de-letudiant-et-le-bouillon\/\"><img width=\"150\" height=\"150\" src=\"http:\/\/master-patrimoine-culturel.fr\/campus-orleans-patrimoine\/wp-content\/uploads\/2021\/02\/bouillon-eloise-pgn-2-150x150.jpg\" class=\"attachment-thumbnail size-thumbnail wp-post-image\" alt=\"\" loading=\"lazy\" style=\"max-width:150px;max-height:150px;\" srcset=\"http:\/\/master-patrimoine-culturel.fr\/campus-orleans-patrimoine\/wp-content\/uploads\/2021\/02\/bouillon-eloise-pgn-2-150x150.jpg 150w, http:\/\/master-patrimoine-culturel.fr\/campus-orleans-patrimoine\/wp-content\/uploads\/2021\/02\/bouillon-eloise-pgn-2-640x640.jpg 640w, http:\/\/master-patrimoine-culturel.fr\/campus-orleans-patrimoine\/wp-content\/uploads\/2021\/02\/bouillon-eloise-pgn-2-180x180.jpg 180w\" sizes=\"(max-width: 150px) 100vw, 150px\" \/><\/a><\/div><a href=\"http:\/\/master-patrimoine-culturel.fr\/campus-orleans-patrimoine\/index.php\/2021\/02\/05\/la-maison-de-letudiant-et-le-bouillon\/\">La Maison de l&rsquo;Etudiant et le Bouillon<\/a><div class=\"wp-block-latest-posts__post-author\">par Caroline POILVE<\/div><\/li>\n<li><div class=\"wp-block-latest-posts__featured-image alignleft\"><a href=\"http:\/\/master-patrimoine-culturel.fr\/campus-orleans-patrimoine\/index.php\/2021\/02\/06\/le-cone\/\"><img width=\"150\" height=\"150\" src=\"http:\/\/master-patrimoine-culturel.fr\/campus-orleans-patrimoine\/wp-content\/uploads\/2021\/02\/IMG_4800-150x150.jpg\" class=\"attachment-thumbnail size-thumbnail wp-post-image\" alt=\"\" loading=\"lazy\" style=\"max-width:150px;max-height:150px;\" srcset=\"http:\/\/master-patrimoine-culturel.fr\/campus-orleans-patrimoine\/wp-content\/uploads\/2021\/02\/IMG_4800-150x150.jpg 150w, http:\/\/master-patrimoine-culturel.fr\/campus-orleans-patrimoine\/wp-content\/uploads\/2021\/02\/IMG_4800-640x640.jpg 640w, http:\/\/master-patrimoine-culturel.fr\/campus-orleans-patrimoine\/wp-content\/uploads\/2021\/02\/IMG_4800-180x180.jpg 180w\" sizes=\"(max-width: 150px) 100vw, 150px\" \/><\/a><\/div><a href=\"http:\/\/master-patrimoine-culturel.fr\/campus-orleans-patrimoine\/index.php\/2021\/02\/06\/le-cone\/\">Le C\u00f4ne<\/a><div class=\"wp-block-latest-posts__post-author\">par Alix MEYNADIER<\/div><\/li>\n<li><div class=\"wp-block-latest-posts__featured-image alignleft\"><a href=\"http:\/\/master-patrimoine-culturel.fr\/campus-orleans-patrimoine\/index.php\/2021\/02\/14\/le-lac-artificiel\/\"><img width=\"150\" height=\"150\" src=\"http:\/\/master-patrimoine-culturel.fr\/campus-orleans-patrimoine\/wp-content\/uploads\/2021\/02\/IMG_20210211_123652-150x150.jpg\" class=\"attachment-thumbnail size-thumbnail wp-post-image\" alt=\"\" loading=\"lazy\" style=\"max-width:150px;max-height:150px;\" srcset=\"http:\/\/master-patrimoine-culturel.fr\/campus-orleans-patrimoine\/wp-content\/uploads\/2021\/02\/IMG_20210211_123652-150x150.jpg 150w, http:\/\/master-patrimoine-culturel.fr\/campus-orleans-patrimoine\/wp-content\/uploads\/2021\/02\/IMG_20210211_123652-640x640.jpg 640w, http:\/\/master-patrimoine-culturel.fr\/campus-orleans-patrimoine\/wp-content\/uploads\/2021\/02\/IMG_20210211_123652-180x180.jpg 180w\" sizes=\"(max-width: 150px) 100vw, 150px\" \/><\/a><\/div><a href=\"http:\/\/master-patrimoine-culturel.fr\/campus-orleans-patrimoine\/index.php\/2021\/02\/14\/le-lac-artificiel\/\">Le lac artificiel<\/a><div class=\"wp-block-latest-posts__post-author\">par Marion GONDOIN<\/div><\/li>\n<li><div class=\"wp-block-latest-posts__featured-image alignleft\"><a href=\"http:\/\/master-patrimoine-culturel.fr\/campus-orleans-patrimoine\/index.php\/2021\/02\/24\/mur-de-laine\/\"><img width=\"150\" height=\"150\" src=\"http:\/\/master-patrimoine-culturel.fr\/campus-orleans-patrimoine\/wp-content\/uploads\/2021\/02\/150216555_801526247372603_6215375235808043548_n-1-150x150.jpg\" class=\"attachment-thumbnail size-thumbnail wp-post-image\" alt=\"\" loading=\"lazy\" style=\"max-width:150px;max-height:150px;\" srcset=\"http:\/\/master-patrimoine-culturel.fr\/campus-orleans-patrimoine\/wp-content\/uploads\/2021\/02\/150216555_801526247372603_6215375235808043548_n-1-150x150.jpg 150w, http:\/\/master-patrimoine-culturel.fr\/campus-orleans-patrimoine\/wp-content\/uploads\/2021\/02\/150216555_801526247372603_6215375235808043548_n-1-640x640.jpg 640w, http:\/\/master-patrimoine-culturel.fr\/campus-orleans-patrimoine\/wp-content\/uploads\/2021\/02\/150216555_801526247372603_6215375235808043548_n-1-180x180.jpg 180w\" sizes=\"(max-width: 150px) 100vw, 150px\" \/><\/a><\/div><a href=\"http:\/\/master-patrimoine-culturel.fr\/campus-orleans-patrimoine\/index.php\/2021\/02\/24\/mur-de-laine\/\">Le Mur de Laine<\/a><div class=\"wp-block-latest-posts__post-author\">par Juliette GRAS<\/div><\/li>\n<li><div class=\"wp-block-latest-posts__featured-image alignleft\"><a href=\"http:\/\/master-patrimoine-culturel.fr\/campus-orleans-patrimoine\/index.php\/2021\/02\/20\/le-restaurant-universitaire-le-forum\/\"><img width=\"150\" height=\"150\" src=\"http:\/\/master-patrimoine-culturel.fr\/campus-orleans-patrimoine\/wp-content\/uploads\/2021\/02\/Forum-150x150.jpeg\" class=\"attachment-thumbnail size-thumbnail wp-post-image\" alt=\"\" loading=\"lazy\" style=\"max-width:150px;max-height:150px;\" srcset=\"http:\/\/master-patrimoine-culturel.fr\/campus-orleans-patrimoine\/wp-content\/uploads\/2021\/02\/Forum-150x150.jpeg 150w, http:\/\/master-patrimoine-culturel.fr\/campus-orleans-patrimoine\/wp-content\/uploads\/2021\/02\/Forum-640x640.jpeg 640w, http:\/\/master-patrimoine-culturel.fr\/campus-orleans-patrimoine\/wp-content\/uploads\/2021\/02\/Forum-180x180.jpeg 180w\" sizes=\"(max-width: 150px) 100vw, 150px\" \/><\/a><\/div><a href=\"http:\/\/master-patrimoine-culturel.fr\/campus-orleans-patrimoine\/index.php\/2021\/02\/20\/le-restaurant-universitaire-le-forum\/\">Le restaurant universitaire : Le Forum<\/a><div class=\"wp-block-latest-posts__post-author\">par associationspeculos<\/div><\/li>\n<li><div class=\"wp-block-latest-posts__featured-image alignleft\"><a href=\"http:\/\/master-patrimoine-culturel.fr\/campus-orleans-patrimoine\/index.php\/2021\/02\/26\/polychromies\/\"><img width=\"150\" height=\"150\" src=\"http:\/\/master-patrimoine-culturel.fr\/campus-orleans-patrimoine\/wp-content\/uploads\/2021\/02\/Poule-amelioree-150x150.jpg\" class=\"attachment-thumbnail size-thumbnail wp-post-image\" alt=\"\" loading=\"lazy\" style=\"max-width:150px;max-height:150px;\" srcset=\"http:\/\/master-patrimoine-culturel.fr\/campus-orleans-patrimoine\/wp-content\/uploads\/2021\/02\/Poule-amelioree-150x150.jpg 150w, http:\/\/master-patrimoine-culturel.fr\/campus-orleans-patrimoine\/wp-content\/uploads\/2021\/02\/Poule-amelioree-640x640.jpg 640w, http:\/\/master-patrimoine-culturel.fr\/campus-orleans-patrimoine\/wp-content\/uploads\/2021\/02\/Poule-amelioree-180x180.jpg 180w\" sizes=\"(max-width: 150px) 100vw, 150px\" \/><\/a><\/div><a href=\"http:\/\/master-patrimoine-culturel.fr\/campus-orleans-patrimoine\/index.php\/2021\/02\/26\/polychromies\/\">Polychromies<\/a><div class=\"wp-block-latest-posts__post-author\">par Sophie GENEAU DE LAMARLIERE<\/div><\/li>\n<li><div class=\"wp-block-latest-posts__featured-image alignleft\"><a href=\"http:\/\/master-patrimoine-culturel.fr\/campus-orleans-patrimoine\/index.php\/2021\/02\/12\/ufr-droit-economie-gestion\/\"><img width=\"150\" height=\"150\" src=\"http:\/\/master-patrimoine-culturel.fr\/campus-orleans-patrimoine\/wp-content\/uploads\/2021\/04\/DSC_3763-e1618906382162-150x150.jpg\" class=\"attachment-thumbnail size-thumbnail wp-post-image\" alt=\"\" loading=\"lazy\" style=\"max-width:150px;max-height:150px;\" srcset=\"http:\/\/master-patrimoine-culturel.fr\/campus-orleans-patrimoine\/wp-content\/uploads\/2021\/04\/DSC_3763-e1618906382162-150x150.jpg 150w, http:\/\/master-patrimoine-culturel.fr\/campus-orleans-patrimoine\/wp-content\/uploads\/2021\/04\/DSC_3763-e1618906382162-640x640.jpg 640w, http:\/\/master-patrimoine-culturel.fr\/campus-orleans-patrimoine\/wp-content\/uploads\/2021\/04\/DSC_3763-e1618906382162-180x180.jpg 180w\" sizes=\"(max-width: 150px) 100vw, 150px\" \/><\/a><\/div><a href=\"http:\/\/master-patrimoine-culturel.fr\/campus-orleans-patrimoine\/index.php\/2021\/02\/12\/ufr-droit-economie-gestion\/\">UFR Droit, \u00c9conomie &#038; Gestion<\/a><div class=\"wp-block-latest-posts__post-author\">par Philippine REYES<\/div><\/li>\n<li><div class=\"wp-block-latest-posts__featured-image alignleft\"><a href=\"http:\/\/master-patrimoine-culturel.fr\/campus-orleans-patrimoine\/index.php\/2021\/02\/11\/ufr-lettres-langues-et-sciences-humaines\/\"><img width=\"150\" height=\"150\" src=\"http:\/\/master-patrimoine-culturel.fr\/campus-orleans-patrimoine\/wp-content\/uploads\/2021\/04\/LLSH-eloise-pgn-4-scaled-e1618907049166-150x150.jpg\" class=\"attachment-thumbnail size-thumbnail wp-post-image\" alt=\"\" loading=\"lazy\" style=\"max-width:150px;max-height:150px;\" srcset=\"http:\/\/master-patrimoine-culturel.fr\/campus-orleans-patrimoine\/wp-content\/uploads\/2021\/04\/LLSH-eloise-pgn-4-scaled-e1618907049166-150x150.jpg 150w, http:\/\/master-patrimoine-culturel.fr\/campus-orleans-patrimoine\/wp-content\/uploads\/2021\/04\/LLSH-eloise-pgn-4-scaled-e1618907049166-640x640.jpg 640w, http:\/\/master-patrimoine-culturel.fr\/campus-orleans-patrimoine\/wp-content\/uploads\/2021\/04\/LLSH-eloise-pgn-4-scaled-e1618907049166-180x180.jpg 180w\" sizes=\"(max-width: 150px) 100vw, 150px\" \/><\/a><\/div><a href=\"http:\/\/master-patrimoine-culturel.fr\/campus-orleans-patrimoine\/index.php\/2021\/02\/11\/ufr-lettres-langues-et-sciences-humaines\/\">UFR Lettres, Langues &#038; Sciences Humaines<\/a><div class=\"wp-block-latest-posts__post-author\">par Lucie CORRE<\/div><\/li>\n<li><div class=\"wp-block-latest-posts__featured-image alignleft\"><a href=\"http:\/\/master-patrimoine-culturel.fr\/campus-orleans-patrimoine\/index.php\/2021\/02\/15\/ufr-sciences-et-techniques\/\"><img width=\"150\" height=\"150\" src=\"http:\/\/master-patrimoine-culturel.fr\/campus-orleans-patrimoine\/wp-content\/uploads\/2021\/04\/SCIENCES-150x150.jpg\" class=\"attachment-thumbnail size-thumbnail wp-post-image\" alt=\"\" loading=\"lazy\" style=\"max-width:150px;max-height:150px;\" srcset=\"http:\/\/master-patrimoine-culturel.fr\/campus-orleans-patrimoine\/wp-content\/uploads\/2021\/04\/SCIENCES-150x150.jpg 150w, http:\/\/master-patrimoine-culturel.fr\/campus-orleans-patrimoine\/wp-content\/uploads\/2021\/04\/SCIENCES-640x640.jpg 640w, http:\/\/master-patrimoine-culturel.fr\/campus-orleans-patrimoine\/wp-content\/uploads\/2021\/04\/SCIENCES-180x180.jpg 180w\" sizes=\"(max-width: 150px) 100vw, 150px\" \/><\/a><\/div><a href=\"http:\/\/master-patrimoine-culturel.fr\/campus-orleans-patrimoine\/index.php\/2021\/02\/15\/ufr-sciences-et-techniques\/\">UFR Sciences &#038; techniques<\/a><div class=\"wp-block-latest-posts__post-author\">par Lucile YON<\/div><\/li>\n<\/ul>\n\n\n<p><\/p>\n","protected":false},"excerpt":{"rendered":"<p>Voici le parcours que vous proposent les \u00e9tudiants du Master GLPC. Cette carte interactive vous permet de visiter l\u2019Universit\u00e9 d\u2019Orl\u00e9ans par son patrimoine culturel. Chaque point repr\u00e9sente un b\u00e2timent ou<a href=\"http:\/\/master-patrimoine-culturel.fr\/campus-orleans-patrimoine\/index.php\/la-carte-interactive\/\" class=\"more-link\"><span class=\"readmore\">Continue reading<span class=\"screen-reader-text\">La Carte interactive<\/span><\/span><\/a><\/p>\n","protected":false},"author":2,"featured_media":0,"parent":0,"menu_order":0,"comment_status":"closed","ping_status":"closed","template":"","meta":[],"_links":{"self":[{"href":"http:\/\/master-patrimoine-culturel.fr\/campus-orleans-patrimoine\/index.php\/wp-json\/wp\/v2\/pages\/20"}],"collection":[{"href":"http:\/\/master-patrimoine-culturel.fr\/campus-orleans-patrimoine\/index.php\/wp-json\/wp\/v2\/pages"}],"about":[{"href":"http:\/\/master-patrimoine-culturel.fr\/campus-orleans-patrimoine\/index.php\/wp-json\/wp\/v2\/types\/page"}],"author":[{"embeddable":true,"href":"http:\/\/master-patrimoine-culturel.fr\/campus-orleans-patrimoine\/index.php\/wp-json\/wp\/v2\/users\/2"}],"replies":[{"embeddable":true,"href":"http:\/\/master-patrimoine-culturel.fr\/campus-orleans-patrimoine\/index.php\/wp-json\/wp\/v2\/comments?post=20"}],"version-history":[{"count":104,"href":"http:\/\/master-patrimoine-culturel.fr\/campus-orleans-patrimoine\/index.php\/wp-json\/wp\/v2\/pages\/20\/revisions"}],"predecessor-version":[{"id":2243,"href":"http:\/\/master-patrimoine-culturel.fr\/campus-orleans-patrimoine\/index.php\/wp-json\/wp\/v2\/pages\/20\/revisions\/2243"}],"wp:attachment":[{"href":"http:\/\/master-patrimoine-culturel.fr\/campus-orleans-patrimoine\/index.php\/wp-json\/wp\/v2\/media?parent=20"}],"curies":[{"name":"wp","href":"https:\/\/api.w.org\/{rel}","templated":true}]}}