{"id":862,"date":"2021-02-25T22:05:16","date_gmt":"2021-02-25T21:05:16","guid":{"rendered":"http:\/\/master-patrimoine-culturel.fr\/campus-orleans-patrimoine\/?page_id=862"},"modified":"2021-04-20T20:59:11","modified_gmt":"2021-04-20T18:59:11","slug":"le-projet","status":"publish","type":"page","link":"http:\/\/master-patrimoine-culturel.fr\/campus-orleans-patrimoine\/index.php\/le-projet\/","title":{"rendered":"Projet"},"content":{"rendered":"\n<div class=\"wp-block-image\"><figure class=\"aligncenter size-large is-resized\"><img loading=\"lazy\" src=\"http:\/\/master-patrimoine-culturel.fr\/campus-orleans-patrimoine\/wp-content\/uploads\/2021\/04\/0001-741x1024.jpg\" alt=\"\" class=\"wp-image-2252\" width=\"462\" height=\"638\" srcset=\"http:\/\/master-patrimoine-culturel.fr\/campus-orleans-patrimoine\/wp-content\/uploads\/2021\/04\/0001-741x1024.jpg 741w, http:\/\/master-patrimoine-culturel.fr\/campus-orleans-patrimoine\/wp-content\/uploads\/2021\/04\/0001-217x300.jpg 217w, http:\/\/master-patrimoine-culturel.fr\/campus-orleans-patrimoine\/wp-content\/uploads\/2021\/04\/0001-768x1062.jpg 768w, http:\/\/master-patrimoine-culturel.fr\/campus-orleans-patrimoine\/wp-content\/uploads\/2021\/04\/0001-1111x1536.jpg 1111w, http:\/\/master-patrimoine-culturel.fr\/campus-orleans-patrimoine\/wp-content\/uploads\/2021\/04\/0001-1482x2048.jpg 1482w, http:\/\/master-patrimoine-culturel.fr\/campus-orleans-patrimoine\/wp-content\/uploads\/2021\/04\/0001-scaled.jpg 1852w\" sizes=\"(max-width: 462px) 100vw, 462px\" \/><\/figure><\/div>\n\n\n\n<h2 class=\"has-text-align-center\"><strong>Qui se cache derri\u00e8re ce projet ?<\/strong><\/h2>\n\n\n\n<p><\/p>\n\n\n\n<div class=\"wp-block-image\"><figure class=\"aligncenter size-large is-resized\"><img loading=\"lazy\" src=\"http:\/\/master-patrimoine-culturel.fr\/campus-orleans-patrimoine\/wp-content\/uploads\/2021\/02\/photo-promo-masques-2-1024x870.jpg\" alt=\"\" class=\"wp-image-871\" width=\"768\" height=\"653\" srcset=\"http:\/\/master-patrimoine-culturel.fr\/campus-orleans-patrimoine\/wp-content\/uploads\/2021\/02\/photo-promo-masques-2-1024x870.jpg 1024w, http:\/\/master-patrimoine-culturel.fr\/campus-orleans-patrimoine\/wp-content\/uploads\/2021\/02\/photo-promo-masques-2-300x255.jpg 300w, http:\/\/master-patrimoine-culturel.fr\/campus-orleans-patrimoine\/wp-content\/uploads\/2021\/02\/photo-promo-masques-2-768x652.jpg 768w, http:\/\/master-patrimoine-culturel.fr\/campus-orleans-patrimoine\/wp-content\/uploads\/2021\/02\/photo-promo-masques-2-1536x1305.jpg 1536w, http:\/\/master-patrimoine-culturel.fr\/campus-orleans-patrimoine\/wp-content\/uploads\/2021\/02\/photo-promo-masques-2-2048x1739.jpg 2048w\" sizes=\"(max-width: 768px) 100vw, 768px\" \/><\/figure><\/div>\n\n\n\n<p class=\"has-text-align-center has-black-color has-text-color\">Nous voici. La promo 2020-2021 du Master GLPC de l&rsquo;Universit\u00e9 de droit d&rsquo;Orl\u00e9ans. Sur la photo, bien que nous soyons masqu\u00e9s, les connaisseurs verront que nous ne sommes pas au complet. En r\u00e9alit\u00e9, dans la promo, et derri\u00e8re ce projet, nous sommes seize. Venant d&rsquo;horizons diff\u00e9rents, nous partageons tous une passion pour le patrimoine, l&rsquo;art et la culture, ainsi qu&rsquo;une volont\u00e9 de ma\u00eetriser les rouages concrets permettant de travailler \u00e0 la conservation, la mise en valeur et la transmission des objets constituant notre patrimoine culturel.<\/p>\n\n\n\n<p class=\"has-text-align-center has-black-color has-text-color\">Pour en savoir plus sur notre Master, suivez le guide : <\/p>\n\n\n\n<div class=\"wp-block-buttons aligncenter\">\n<div class=\"wp-block-button\"><a class=\"wp-block-button__link\" href=\"http:\/\/master-patrimoine-culturel.fr\/campus-orleans-patrimoine\/index.php\/fr\/2021\/02\/25\/presentation-du-master-glpc\/?fbclid=IwAR1if41s-hXJGIwdxCoXneTsQFPoQkNNfwes4tO9ufYt6MsQIz4gwuWHPf8\">D\u00e9couvrez le master glpc<\/a><\/div>\n<\/div>\n\n\n\n<p><\/p>\n\n\n\n<p class=\"has-text-align-center has-black-color has-text-color\">Et pour en savoir plus sur l&rsquo;histoire de notre Universit\u00e9 :<\/p>\n\n\n\n<div class=\"wp-block-buttons aligncenter\">\n<div class=\"wp-block-button\"><a class=\"wp-block-button__link\" href=\"http:\/\/master-patrimoine-culturel.fr\/campus-orleans-patrimoine\/index.php\/fr\/histoire-de-luniversite-dorleans\/\">Histoire de l&rsquo;universit\u00e9<\/a><\/div>\n<\/div>\n\n\n\n<p><\/p>\n","protected":false},"excerpt":{"rendered":"<p>Qui se cache derri\u00e8re ce projet ? Nous voici. La promo 2020-2021 du Master GLPC de l&rsquo;Universit\u00e9 de droit d&rsquo;Orl\u00e9ans. Sur la photo, bien que nous soyons masqu\u00e9s, les connaisseurs<a href=\"http:\/\/master-patrimoine-culturel.fr\/campus-orleans-patrimoine\/index.php\/le-projet\/\" class=\"more-link\"><span class=\"readmore\">Continue reading<span class=\"screen-reader-text\">Projet<\/span><\/span><\/a><\/p>\n","protected":false},"author":13,"featured_media":0,"parent":0,"menu_order":0,"comment_status":"closed","ping_status":"closed","template":"","meta":[],"_links":{"self":[{"href":"http:\/\/master-patrimoine-culturel.fr\/campus-orleans-patrimoine\/index.php\/wp-json\/wp\/v2\/pages\/862"}],"collection":[{"href":"http:\/\/master-patrimoine-culturel.fr\/campus-orleans-patrimoine\/index.php\/wp-json\/wp\/v2\/pages"}],"about":[{"href":"http:\/\/master-patrimoine-culturel.fr\/campus-orleans-patrimoine\/index.php\/wp-json\/wp\/v2\/types\/page"}],"author":[{"embeddable":true,"href":"http:\/\/master-patrimoine-culturel.fr\/campus-orleans-patrimoine\/index.php\/wp-json\/wp\/v2\/users\/13"}],"replies":[{"embeddable":true,"href":"http:\/\/master-patrimoine-culturel.fr\/campus-orleans-patrimoine\/index.php\/wp-json\/wp\/v2\/comments?post=862"}],"version-history":[{"count":23,"href":"http:\/\/master-patrimoine-culturel.fr\/campus-orleans-patrimoine\/index.php\/wp-json\/wp\/v2\/pages\/862\/revisions"}],"predecessor-version":[{"id":2388,"href":"http:\/\/master-patrimoine-culturel.fr\/campus-orleans-patrimoine\/index.php\/wp-json\/wp\/v2\/pages\/862\/revisions\/2388"}],"wp:attachment":[{"href":"http:\/\/master-patrimoine-culturel.fr\/campus-orleans-patrimoine\/index.php\/wp-json\/wp\/v2\/media?parent=862"}],"curies":[{"name":"wp","href":"https:\/\/api.w.org\/{rel}","templated":true}]}}